 (base 10) in base 12?
-15ab696
Convert ba4c56 (base 13) to base 3.
22020120012220
Convert 6630103 (base 7) to base 3.
1112100120211
Convert -1526543 (base 7) to base 10.
-208820
13122003023 (base 4) to base 10
1941707
181920 (base 11) to base 13
9a963
What is -b18aaa (base 12) in base 14?
-522958
What is 25253 (base 13) in base 14?
1ad7b
Convert 515044253 (base 6) to base 14.
1281b29
Convert 509101 (base 12) to base 4.
10303211101
What is 9ba865 (base 13) in base 6?
210505221
568473 (base 9) to base 12
1452a9
What is 7c02 (base 13) in base 11?
12097
Convert -4a814 (base 12) to base 13.
-371c5
What is 30013201220 (base 4) in base 14?
5c98c8
3551431 (base 6) to base 2
101101010101101011
What is -110111001001100111101 (base 2) in base 11?
-1024828
1102b83 (base 12) to base 2
1100010111000000010011
Convert 137782 (base 11) to base 5.
23341403
-305241 (base 8) to base 15
-1ee00
Convert 29cb (base 15) to base 2.
10001100000110
What is -126458 (base 9) in base 13?
-29021
-45306 (base 7) to base 11
-868a
113301223 (base 5) to base 13
155081
Convert 8261c (base 13) to base 3.
102212212202
Convert 112221220201122 (base 3) to base 14.
10ad48b
Convert -434141202 (base 5) to base 2.
-111000111010111011001
-4845a7 (base 14) to base 6
-124542315
Convert -1485a5 (base 15) to base 2.
-11110001101111001011
-11043120 (base 5) to base 15
-1d990
What is a7a5a9 (base 11) in base 8?
6455067
What is -11110010221 (base 3) in base 14?
-23cc2
Convert 2256 (base 9) to base 3.
2021220
302211302 (base 4) to base 8
624562
What is 141100340 (base 5) in base 13?
1c3802
What is -6546153 (base 7) in base 11?
-4a8349
What is 55401141 (base 6) in base 10?
1664341
11410403100 (base 5) to base 4
303000231303
-10136b (base 13) to base 4
-1123111012
Convert -45257 (base 10) to base 9.
-68065
What is -33287 (base 13) in base 4?
-112220303
-79180 (base 10) to base 6
-1410324
What is 2176442 (base 11) in base 5?
1434041201
6e7d37 (base 15) to base 6
305230054
Convert 2775323 (base 8) to base 7.
6446641
c2cdc (base 15) to base 10
617157
1212661 (base 7) to base 5
14422222
Convert -211b119 (base 12) to base 16.
-5f87e5
What is -111001111000101000111 (base 2) in base 8?
-7170507
Convert -3302123232 (base 4) to base 11.
-619073
What is -79435 (base 13) in base 15?
-4549a
425310 (base 12) to base 8
3772574
Convert 149793 (base 10) to base 9.
247426
What is 121120020121 (base 3) in base 12?
138821
1221a23 (base 11) to base 2
1000000110111011000111
22523521 (base 8) to base 9
10176217
What is -879459 (base 10) in base 9?
-1580346
Convert -1213452 (base 7) to base 15.
-30d86
-125235 (base 13) to base 15
-8a48c
-102012220101 (base 3) to base 9
-365811
What is 1219231 (base 11) in base 13?
59328c
13122410 (base 5) to base 7
1050136
-10010010222202 (base 3) to base 14
-31185b
-30786a (base 13) to base 7
-12416332
Convert -1212757 (base 8) to base 12.
-140a67
What is 140003132 (base 5) in base 4?
2223300312
Convert 11210202020 (base 3) to base 14.
26683
11010111010110100 (base 2) to base 6
2210244
Convert -13213152 (base 8) to base 9.
-5503265
What is -402124331 (base 5) in base 15?
-218a61
What is -705445 (base 9) in base 6?
-12540105
What is 340404010 (base 6) in base 16?
5e75e6
Convert -130515504 (base 6) to base 2.
-1001110001001101100000
Convert 110022112020 (base 3) to base 15.
4bc5c
-1429014 (base 10) to base 11
-896704
What is -25262243 (base 7) in base 8?
-10555206
Convert 377042 (base 9) to base 4.
313231313
12633131 (base 7) to base 14
225918
Convert 2323412102 (base 5) to base 10.
5294652
What is 2111202220 (base 4) in base 15?
c174a
1020012210012 (base 3) to base 13
19b74c
What is -10c876 (base 15) in base 11?
-4a8437
-65a0b (base 12) to base 8
-406553
What is -8096 (base 12) in base 7?
-55431
What is 10011100101001100 (base 2) in base 3?
11002000112
Convert -10011101011101010010 (base 2) to base 4.
-2131131102
-106b19 (base 14) to base 4
-2013312303
110055 (base 9) to base 10
65660
What is -123435555 (base 6) in base 8?
-11156177
-1eaaa (base 15) to base 4
-120132331
Convert -26a9a9 (base 13) to base 12.
-3926ba
What is 7742 (base 16) in base 15?
90a5
-356b2d (base 15) to base 16
-26f8a2
Convert -18647 (base 14) to base 10.
-61607
77033 (base 13) to base 12
a4758
Convert 1342112100 (base 5) to base 8.
15176607
Convert -498cc (base 13) to base 8.
-410561
What is c2109 (base 14) in base 11?
29969a
-108bb (base 14) to base 11
-2818a
What is 7872159 (base 10) in base 8?
36017237
-16c638 (base 13) to base 12
-235ab0
Convert -2220211001001 (base 3) to base 6.
-53130044
Convert 775540 (base 8) to base 9.
436865
Convert 4261055 (base 7) to base 12.
21041b
Convert -1020221121221 (base 3) to base 2.
-10100011001000111101
121001202 (base 3) to base 12
693b
-2002562 (base 7) to base 14
-62169
2ca4a (base 14) to base 13
3bb5c
What is 9313 (base 14) in base 16?
62d5
-6323306 (base 7) to base 5
-143343144
-566b (base 12) to base 4
-2111303
Convert 72491 (base 12) to base 9.
246711
20523336 (base 7) to base 8
6500646
-14b5b9 (base 13) to base 2
-1111100101011101101
What is 2111000212 (base 3) in base 6?
1014122
What is -126582 (base 10) in base 5?
-13022312
What is -fceac (base 16) in base 7?
-11543154
What is 210034 (base 11) in base 7?
2601603
What is -23103543 (base 6) in base 2?
-10101100111101110111
122100020100212 (base 3) to base 14
131c9c0
What is -1100111100111001 (base 2) in base 9?
-80683
Convert 1189aa (base 11) to base 7.
1410535
What is -2366224 (base 7) in base 11?
-197138
What is -3413230 (base 5) in base 7?
-341132
Convert 652143 (base 7) to base 15.
239e3
What is -100101100000010000 (base 2) in base 9?
-253644
Convert 4133120 (base 5) to base 14.
1aa6a
What is 13073 (base 11) in base 7?
105363
Convert 1264440 (base 9) to base 15.
da156
Convert -1ee863 (base 16) to base 5.
-1004304241
24e72 (base 15) to base 4
130303313
What is 3429 (base 12) in base 11?
4397
What is 244305 (base 9) in base 7?
1153022
What is -20001221100011 (base 3) in base 4?
-30103302301
What is -43033044 (base 7) in base 16?
-37c6d7
What is 74042 (base 10) in base 8?
220472
Convert -65420 (base 7) to base 9.
-24355
Convert 1466866 (base 9) to base 4.
3012100311
What is -1110222121211 (base 3) in base 5?
-200141140
33221202 (base 4) to base 9
106830
What is 11110110101000 (base 2) in base 6?
201024
What is 121000202 (base 3) in base 12?
6918
Convert 10776 (base 8) to base 3.
20022121
Convert -100001000111111000000000 (base 2) to base 12.
-2aa8a80
Convert 100100110000010000000110 (base 2) to base 16.
930406
-1404200034 (base 5) to base 9
-6662770
-31444243 (base 5) to base 13
-93b59
-112011001101 (base 3) to base 14
-736dd
3808742 (base 9) to base 4
13322021000
101101111100001000000000 (base 2) to base 14
1856a88
What is -10110111000100100 (base 2) in base 13?
-33882
-1b898 (base 16) to base 15
-23647
What is -3721316 (base 9) in base 7?
-23120250
Convert 128722 (base 11) to base 13.
70b51
12123202012 (base 4) to base 15
2346ad
Convert -25031 (base 9) to base 6.
-205431
Convert -274261 (base 8) to base 5.
-11041213
What is 251a8 (base 16) in base 10?
151976
Convert -5084a (base 12) to base 15.
-2112a
-7505025 (base 9) to base 3
-21120012000212
Convert -394963 (base 11) to base 7.
-5165450
-aa4cc6 (base 13) to base 7
-46036362
Convert 3212320 (base 6) to base 5.
20013433
22c7d2 (base 14) to base 6
41235112
24445625 (base 8) to base 14
a056bb
Convert -110211111210 (base 3) to base 7.
-2101314
Convert -10100102221001 (base 3) to base 6.
-102053301
What is 17424482 (base 9) in base 14?
123cbc4
dcf12 (base 16) to base 15
12d21d
What is 15531436 (base 7) in base 14?
2b1d56
Convert 8905168 (base 11) to base 6.
1314551313
Convert 11101110000010110011001 (base 2) to base 16.
770599
112413245 (base 6) to base 7
23505446
261762 (base 8) to base 16
163f2
3455422 (base 6) to base 12
87572
-710127 (base 13) to base 15
-36d929
What is a3974 (base 14) in base 5?
100104013
What is -953939 (base 10) in base 8?
-3507123
What is 12002001022 (base 4) in base 16?
18204a
-8c0353 (base 15) to base 11
-3855255
What is -101101010101110010001101 (base 2) in base 16?
-b55c8d
5377826 (base 9) to base 16
2c09a6
What is 336252 (base 9) in base 12?
98685
Convert -142210431 (base 5) to base 16.
-b4ff6
Convert 139b072 (base 15) to base 10.
14